e 7, what is 452 - 116051?
-115266
In base 13, what is -3 + 8b2b?
8b28
In base 11, what is -1718 + -689?
-22a6
In base 5, what is 3132233 - 2?
3132231
In base 6, what is -5 - 2332?
-2341
In base 15, what is 1c + 320e?
322b
In base 4, what is -10001002 - 33?
-10001101
In base 5, what is 20 + -1043234?
-1043214
In base 11, what is -22 + -a39?
-a60
In base 9, what is 776 + -1170?
-283
In base 2, what is 11011 + -1111101111110?
-1111101100011
In base 11, what is 25532 - 4?
25529
In base 15, what is -9 + 15da4?
15d9a
In base 4, what is -2333 + -2233?
-11232
In base 15, what is b - -74?
80
In base 9, what is 5523 + -7?
5515
In base 9, what is -24602 - -48?
-24543
In base 2, what is -101111011010110 - 1?
-101111011010111
In base 13, what is 5 - -6475?
647a
In base 5, what is 10 - -11203041?
11203101
In base 10, what is -1089 + -55?
-1144
In base 3, what is -20211 + 111022110?
111001122
In base 12, what is 60a3b - -8?
60a47
In base 11, what is 501 - 33?
479
In base 3, what is 111220201 + 2002?
111222210
In base 3, what is 1 - 112222201012?
-112222201011
In base 5, what is 141 - 122123?
-121432
In base 13, what is 3 - -28785b?
287861
In base 6, what is -34 + 10301?
10223
In base 3, what is -1 - -102220121?
102220120
In base 4, what is -2301 + -3023122?
-3032023
In base 14, what is 150 - 64d?
-4dd
In base 10, what is 515 - -10884?
11399
In base 15, what is -aca2 + 1?
-aca1
In base 7, what is -3010212 + -4?
-3010216
In base 8, what is 161 - -1527?
1710
In base 9, what is -76434 + 0?
-76434
In base 6, what is -205 - 31204?
-31413
In base 13, what is 373 - -19?
38c
In base 5, what is 0 + -243101?
-243101
In base 13, what is -9 + -2189?
-2195
In base 11, what is -5a4 + -3660?
-4154
In base 7, what is 423 - -3115?
3541
In base 8, what is 3 - 1331402?
-1331377
In base 7, what is 3531 + 54?
3615
In base 3, what is -1101211121 - 2?
-1101211200
In base 9, what is 11 + -1626?
-1615
In base 7, what is -105 + -3511?
-3616
In base 4, what is -31311 + 23110?
-2201
In base 14, what is -b104 + 8?
-b0da
In base 11, what is 3932 + -9a?
3843
In base 12, what is -276 - 226?
-4a0
In base 15, what is -4 - 7cd6?
-7cda
In base 7, what is 21 + -66550?
-66526
In base 5, what is -143 - -102422?
102224
In base 12, what is -bb + 57a?
47b
In base 5, what is 12303 - -1000?
13303
In base 6, what is 244 - -133254?
133542
In base 6, what is 4 - 323533?
-323525
In base 12, what is -2899 - -1?
-2898
In base 5, what is -344241 - 30?
-344321
In base 10, what is -4885 - -4?
-4881
In base 13, what is 30718 - 0?
30718
In base 16, what is -45f + -10a?
-569
In base 6, what is 332 - 110453?
-110121
In base 15, what is -5 - -de?
d9
In base 7, what is 3022 - 351?
2341
In base 9, what is 3006 - -444?
3451
In base 8, what is 461 - -6?
467
In base 5, what is -10 + 441432?
441422
In base 5, what is 2042 - -1222?
3314
In base 2, what is 101100 - 1001010100110?
-1001001111010
In base 16, what is -e5 - -15f?
7a
In base 4, what is -3331 - 120?
-10111
In base 9, what is -1182 + -54?
-1246
In base 16, what is 1a92 + -25?
1a6d
In base 9, what is 86053 + 10?
86063
In base 3, what is -2 + -1121100120?
-1121100122
In base 16, what is fe + -998?
-89a
In base 12, what is -4202 + 1?
-4201
In base 5, what is -442430031 - 1?
-442430032
In base 11, what is 344783 - 3?
344780
In base 14, what is 3575a + -2?
35758
In base 4, what is -11 - 2220232?
-2220303
In base 15, what is -19bc7 + 1?
-19bc6
In base 15, what is -1 + -59081?
-59082
In base 11, what is 1343203 - 2?
1343201
In base 6, what is -25521 + 32?
-25445
In base 6, what is 0 - -30550?
30550
In base 16, what is -52c + 414?
-118
In base 6, what is 1 + 333?
334
In base 14, what is 22 - -1b3a?
1b5c
In base 7, what is 20034 + 1?
20035
In base 6, what is 3105125 + 53?
3105222
In base 12, what is -1415 - -11?
-1404
In base 11, what is 53249 + -20?
53229
In base 15, what is -2 + 2695?
2693
In base 11, what is 2 + 42248?
4224a
In base 8, what is -10 + 13223?
13213
In base 8, what is 252 + -212?
40
In base 16, what is -78 - -13a8?
1330
In base 4, what is -2101 + 3?
-2032
In base 8, what is 245 - -1125?
1372
In base 10, what is 449 + 84?
533
In base 5, what is -1032340 - -32?
-1032303
In base 5, what is -124111 + -103?
-124214
In base 4, what is 21 - -302011200?
302011221
In base 2, what is 100010101 + -10010001?
10000100
In base 3, what is 1010100021100 + 102?
1010100021202
In base 13, what is -139020 + 4?
-139019
In base 6, what is -24 + -20301?
-20325
In base 5, what is 11 + -1443420?
-1443404
In base 14, what is 151c + 0?
151c
In base 14, what is 1d - -3091?
30b0
In base 15, what is -3 - 133ee?
-13402
In base 3, what is 2 - 2212001110?
-2212001101
In base 5, what is -2 + -301041?
-301043
In base 7, what is 12 - -23562?
23604
In base 14, what is 323 + -70?
293
In base 15, what is -5 + 2616?
2611
In base 9, what is -536 - -11346?
10710
In base 6, what is 2 + 10111230?
10111232
In base 5, what is 3 - 130033?
-130030
In base 15, what is -26 + -5e?
-85
In base 10, what is 549839 + -10?
549829
In base 3, what is 1 - 1212211210?
-1212211202
In base 15, what is 17 + -c?
a
In base 16, what is -95 - ff4?
-1089
In base 2, what is -110 + 100110111101011010011?
100110111101011001101
In base 8, what is 771 - 4121?
-3130
In base 7, what is 203 - 52426?
-52223
In base 16, what is 1c8ce4 - 0?
1c8ce4
In base 13, what is 9492 - b?
9484
In base 13, what is 6 - 8a83?
-8a7a
In base 13, what is -12769 - -5?
-12764
In base 15, what is -3457 + 1?
-3456
In base 16, what is -311 - 7b?
-38c
In base 2, what is -11111000010 - -100110110?
-11010001100
In base 13, what is -44c + -42a?
-879
In base 13, what is 697 - 294?
403
In base 9, what is 10 + 20114?
20124
In base 2, what is 101000001101111 + 10?
101000001110001
In base 15, what is -17c0b - -6?
-17c05
In base 11, what is 1a0a77 + -5?
1a0a72
In base 4, what is -212 - -100020?
33202
In base 2, what is 111 + 1100110000110?
1100110001101
In base 9, what is -12576803 + -3?
-12576806
In base 9, what is 431 - 601?
-160
In base 11, what is -19 - 1580?
-1599
In base 8, what is -5152 + -13?
-5165
In base 10, what is -91 - -1862?
1771
In base 2, what is 11000 - 1100100100001001?
-1100100011110001
In base 5, what is -23042 - 2204?
-30301
In base 6, what is -10 - 240054?
-240104
In base 4, what is 10 - -13101210?
13101220
In base 8, what is 1 - 32712?
-32711
In base 11, what is 0 + 295a?
295a
In base 15, what is -83 + 1bc0?
1b3c
In base 8, what is -765 - -5112?
4125
In base 6, what is 212040 - -13?
212053
In base 5, what is 1 + 14414331?
14414332
In base 14, what is 138d - 0?
138d
In base 11, what is 4 + -5a110?
-5a107
In base 11, what is -72783a - 3?
-727842
In base 6, what is 512 + 2430?
3342
In base 7, what is 6 - -1066215?
1066224
In base 4, what is 1222001311 - 2?
1222001303
In base 3, what is -1022002 + 11010?
-1010222
In base 15, what is -32c3 + 5?
-32bd
In base 8, what is -3 - 45132?
-45135
In base 8, what is 4 + 541607?
541613
In base 7, what is -6 + -11564?
-11603
In base 2, what is 10 + -1011001000?
-1011000110
In base 15, what is -130d + -16?
-1324
In base 12, what is -4383a - -5?
-43835
In base 6, what is 4 - 130350?
-130342
In base 8, what is -27 + 121226?
121177
In base 2, what is -101010111111100011 + -1000?
-101010111111101011
In base 9, what is -2410314 - -2?
-2410312
In base 9, what is -2 - 424?
-426
In base 3, what is 2210011 + 112?
2210200
In base 7, what is 5461350 - -5?
5461355
In base 14, what is 9d0 + 5?
9d5
In base 12, what is -528954 - 4?
-528958
In base 4, what is -3 + 12011222?
12011213
In base 11, what is -17 - -21044?
21028
In base 13, what is 121 - 213?
-c2
In base 4, what is -10202310 + 2?
-10202302
In base 4, what is -3 - 1002031?
-1002100
In base 11, what is -4a7 - -826?
32a
In base 4, what is -1 + 10301133?
10301132
In base 14, what is -4 + -75645?
-75649
In base 9, what is 112610 + 10?
112620
In base 16, what is -2e7c - 18?
-2e94
In base 8, what is -12 - 415036?
-415050
In base 5, what is -3 + -12110?
-12113
In base 16, what is -fd1c + -4?
-fd20
In base 15, what is 45480 - -4?
45484
In base 10, what is 45 - 26224?
-26179
In base 6, what is -23 + -22513?
-22540
In base 2, what is 100 + 11110001010111?
11110001011011
In base 10, what is -1 + 59871?
59870
In base 11, what is -661 - 142?
-7a3
In base 11, what is 1a9 + -21